st the prime factors of q/6*-3 - v.
2
Suppose 5*n = 4*s + 33, -3*s - 5*n + 8*n = 24. Suppose 0 = 5*g - 5*q + 130, 0*g + 4*q = -2*g - 52. Let p = s - g. What are the prime factors of p?
19
Let x be (-36)/((5 + 1)/(-3)). Let r be (-1077)/x + 1/(-6). List the prime factors of -3 - r/4 - 3.
3
Let w = 19 + -23. Let o(x) = -x**3 + 2*x**2 - x - 3. List the prime factors of o(w).
97
Suppose -40*k - 6 = -43*k. Suppose -3*u - u - 4*s = -884, -668 = -3*u - k*s. What are the prime factors of u?
2, 113
Let v = 127 - 122. Let y(s) = -s**2 - 3*s + 4. Let u be y(-3). Suppose -4*w = -3*r - v*w + 103, -u*r - 2*w + 140 = 0. List the prime factors of r.
3, 11
Let t(c) = -c**3 + 11*c**2 + 15*c - 18. Suppose 22 = -0*n + 4*n - 5*m, 11 = n - 4*m. Suppose 1 = -j + 4, -30 = -n*w + 2*j. What are the prime factors of t(w)?
2, 3
Let c(i) = i**2 - 4*i - 6. Suppose 5*z + 11 = 26. Suppose z*r - 6 - 12 = 0. What are the prime factors of c(r)?
2, 3
What are the prime factors of 7/(49/20076) + 8?
2, 719
Suppose -11*d + 8*d = -3*z + 9, -15 = -d - 5*z. Suppose d = 3*i + 15, -t + 6*t - 330 = -3*i. What are the prime factors of t?
3, 23
Suppose 2*j + 55 = -j + 5*w, -3*w + 21 = -j. Let h = j + 44. List the prime factors of h.
29
Let r be 30/12*((-6)/(-5) - 0). Suppose 3*f - 222 = 5*m, 0*f + 204 = r*f + m. List the prime factors of f.
3, 23
Let j(l) = 166*l**2 - 11*l + 10. List the prime factors of j(1).
3, 5, 11
Let r(l) = -188*l**3. Let s be r(1). Let q = 273 + s. Suppose -5*x - q = -365. List the prime factors of x.
2, 7
Suppose -4*s - 2*v - 12 = 0, 0*v - 5*v + 10 = 2*s. Let z be s/(-15) - 21/9. List the prime factors of -2 - (-68 + 0/z).
2, 3, 11
Let m = 15 + -23. What are the prime factors of m/(-6)*(-9)/(-2)?
2, 3
Suppose -2*p - 12 = -2*j, 0*j + j - 1 = 0. Let i = p - -9. Suppose i*u - 64 = 16. What are the prime factors of u?
2, 5
Let j(v) = -v**3 - 7*v**2 - 6*v. Let x be j(-6). Suppose x = -i + c + 20, 5*i - 82 = i + 2*c. What are the prime factors of (-4)/28 + 444/i?
3, 7
Let b(q) = -2*q + 21. Let z be b(8). Suppose -z*a = 16 - 26. Suppose v - 4*g = 0, -a*v - g = g - 30. What are the prime factors of v?
2, 3
Let l = -173 + 407. What are the prime factors of l?
2, 3, 13
Let b(p) = -p**3 + p. Let k(i) = 7*i**3 - 6*i**2 - 9*i - 11. Let w(m) = -6*b(m) - k(m). List the prime factors of w(6).
29
List the prime factors of (-1 - -1229) + 80 + -86.
2, 13, 47
Let l = 49 + 172. List the prime factors of l.
13, 17
Let x be 1*(0 - 15/(-3)). Suppose 7*c + 56 = 2*c - i, -x*i + 68 = -4*c. List the prime factors of (-63)/c - 1/4.
5
Let w be (14/4 - 2)*(-2)/(-3). Suppose 3*j - 422 = -4*t, -1 - w = j. What are the prime factors of t?
107
Let c = -17 - -24. Let u(z) = z**3 + 2*z**2 + 4 - c - 2*z + z**2. What are the prime factors of u(-3)?
3
Let o be 16/(5/(10/4)). Suppose -5*d = -2*a - 11, 0 = -3*a + o*d - 3*d - 4. List the prime factors of a.
7
Let i(t) = -3*t**2 - 13*t - 14. Let c(b) = 4*b**2 + 20*b + 21. Let s(j) = 5*c(j) + 7*i(j). Let q be s(10). Let o = 26 - q. List the prime factors of o.
29
Let g = 1264 + -886. What are the prime factors of g?
2, 3, 7
Let d be (-3 + 1 - 0) + 42. Suppose 0 = 3*w + 2*c - 120, c - 80 = -3*w + d. What are the prime factors of w?
2, 5
Let h = 121 + 228. What are the prime factors of h?
349
Let i(g) = -3*g + 11. Suppose -7*m = -5*m - 22. Let w be i(m). Let n = -3 - w. What are the prime factors of n?
19
What are the prime factors of ((-6916)/65)/(4/(-10))?
2, 7, 19
Let v(d) = -33*d**3 - 5*d - 5. List the prime factors of v(-3).
17, 53
Let s(n) = 13*n - 1. Suppose 34 = 4*p + 6. List the prime factors of s(p).
2, 3, 5
Let c(t) be the third derivative of t**4/6 - 31*t**3/6 + 4*t**2. What are the prime factors of c(20)?
7
Let h(f) = f**3 + 12 + 0 - 4 + 8*f - 10*f**2. Let k be h(9). What are the prime factors of k*(0 - -3)*-2?
2, 3
Let l be (-3)/2 + (-15283)/(-34). Suppose 9*c - 155 = l. List the prime factors of c.
67
Let r(v) be the second derivative of v**5/20 - 7*v**4/12 + 5*v**3/6 + 4*v**2 - 3*v. Let q be r(6). Suppose 0 = q*l - 65 - 29. List the prime factors of l.
47
Let m(i) = 2*i**2 + i - 4. Let j be m(-2). List the prime factors of j/9 + (-3920)/(-18).
2, 109
Suppose 4*m = 3149 - 905. List the prime factors of m.
3, 11, 17
Let k = -447 + 760. Let o = k - 26. List the prime factors of o.
7, 41
Suppose 2*i - 2 = 10. List the prime factors of i - 4 - (1 + -110).
3, 37
Suppose -b = 14 - 6. Let a = b - -8. Suppose -4*d + 35 + 69 = -4*g, a = 5*d + 5*g - 80. List the prime factors of d.
3, 7
Let b = -2771 - -5723. What are the prime factors of b?
2, 3, 41
Let k(n) = -5*n - 15. Let x be k(-5). Suppose 0 = b - 6*b + 10. Let f = b + x. What are the prime factors of f?
2, 3
Let n(s) = -2*s**2 + 8*s - 2. Let g be n(5). Suppose -5*m - 15 = 15. What are the prime factors of (9/m + 1)*g?
2, 3
Suppose j - 27 = -2*y - 25, y + 4*j + 6 = 0. List the prime factors of y.
2
Suppose y = -5*r - 412, 75 + 106 = -2*r + 5*y. Let d = -47 - r. What are the prime factors of d?
2, 3
Let m = 5 + -1. Suppose -3*h = -5*h - m, h - 148 = -5*y. What are the prime factors of y?
2, 3, 5
Suppose 5*z + 3*w = 24, -11 = -4*z - w + 4. What are the prime factors of z?
3
Let i be -2 - 1/(1*(-1)/3). List the prime factors of (i/(-4)*-6)/((-2)/(-128)).
2, 3
Suppose 0 = t + 2*t - 843. Let l be 4/(-24) + t/(-6). Let c = l - -79. List the prime factors of c.
2
Let d(h) = -19*h + 17. Let y be d(2). What are the prime factors of 5/y*-633 + (-10)/(-35)?
151
Suppose -7*k = 662 - 10371. List the prime factors of k.
19, 73
Suppose 3*s - 4*t = -1, 3*s - 2*t + 0 = 7. Let o = s - 3. Suppose o*h + 2*h = 24. What are the prime factors of h?
2, 3
Suppose 3*p - 1224 = -4*s + 2316, -4*s + 4716 = 4*p. List the prime factors of p.
2, 3, 7
Suppose 73*x - 62*x - 3575 = 0. What are the prime factors of x?
5, 13
Suppose 6 = -9*j + 33. What are the prime factors of j/15 - 908/(-10)?
7, 13
Let n = 2881 - 1517. List the prime factors of n.
2, 11, 31
What are the prime factors of 5/(-5) - -6 - (0 + -955)?
2, 3, 5
Let w(j) = j**2 + 10*j + 9. Let v be w(-9). Suppose 5*r - r = -16, v = d - 3*r - 12. Suppose y + 0*y - 15 = d. List the prime factors of y.
3, 5
Suppose 3*d = -36 - 36. Let r be d/(-7) + 16/28. Suppose -70 = -5*m + 3*f + 3, -r*m + 4*f + 52 = 0. What are the prime factors of m?
17
Suppose 3*n - 308 = -n. Let l be n + 1 + -3 + 0. Suppose 4*r = -r + l. List the prime factors of r.
3, 5
Let i(u) be the first derivative of u**4/12 + 5*u**3/6 - 5*u**2 - 8*u - 11. Let r(t) be the first derivative of i(t). What are the prime factors of r(-10)?
2, 5
Suppose 47 = c + 3*u - 260, -c = 2*u - 306. What are the prime factors of c?
2, 19
Suppose 19*f - 6315 = -311. What are the prime factors of f?
2, 79
Let j = 10 + -8. Let c = -2 + j. Suppose c = 5*p - 50 - 105. List the prime factors of p.
31
Suppose 40 + 25 = -5*o. Let m = -10 - o. What are the prime factors of m/((-40)/14 - -3)?
3, 7
List the prime factors of (1/3)/(68/116484).
571
Let n(t) = t**3 + 8*t**2 + 2*t - 25. What are the prime factors of n(8)?
5, 7, 29
Let x(z) = -68*z - 102. What are the prime factors of x(-5)?
2, 7, 17
Let k(r) = -r**2 - 66*r - 24. What are the prime factors of k(-42)?
2, 3, 41
Let o = -6 - -1. Let m be 10 - (2 + (o - -1)). Let b = m - 7. What are the prime factors of b?
5
Suppose 4*z + 24 = -0*z. Let p = -9 - z. List the prime factors of 156/4 + 0 + p.
2, 3
Let i(f) = -4*f**3 + 4*f**2 - 14*f - 17. Let t(c) = -7*c**3 + 7*c**2 - 27*c - 33. Let v(p) = -5*i(p) + 3*t(p). What are the prime factors of v(-4)?
2, 5, 11
Let r be 1/3*9 + -1. What are the prime factors of 6 - r - (-57)/1?
61
Suppose -q + 8 = 10. Let l be (-6)/(-9) + 32/(-12). What are the prime factors of 23/l*(q - 0)?
23
Let q(s) be the first derivative of s**4/2 - s**2 + 90*s + 32. What are the prime factors of q(0)?
2, 3, 5
Let w = -8 - -5. Let v be (w + 4 - 6)/(-1). Suppose -v*a + 4*y = 35 - 102, 2 = a + 3*y. List the prime factors of a.
11
Let c(f) = -2*f**2 + 4*f - 7. Let t be c(4). Let v = t - -26. Suppose 2*a + v*a - 125 = 0. What are the prime factors of a?
5
Suppose -19*i = 8*i - 13851. List the prime factors of i.
3, 19
List the prime factors of 3 + 1119*(-7)/(-21).
2, 47
Let r(i) = 26*i**2 + i - 1. Let k be r(1). What are the prime factors of (-4)/k + 7596/26?
2, 73
Let c be ((2